by 23?
21
Suppose -8*f + 362 = -742. Let g(r) = 28*r + 468. Calculate the remainder when f is divided by g(-16).
18
Suppose -111 = -3*m - 4*b, -5*m + 198 + 22 = -5*b. Calculate the remainder when 200 is divided by m.
36
Let k = 1994 + -554. What is the remainder when k is divided by 181?
173
Let t(q) = 59*q**2 - 2*q + 3. Let v be t(2). Let a = v - 147. What is the remainder when a is divided by 10?
8
Suppose 72*b - 75*b + 9 = 0. Suppose -10*j = 4*i - 7*j - 167, 138 = b*i - 2*j. Calculate the remainder when i is divided by 3.
2
Let a(m) = m**2 + 16*m + 15. Let f(h) = 8*h - 56. Let l be f(5). Let q(s) = -s**3 - s**2 - 7*s - 1. What is the remainder when q(-5) is divided by a(l)?
14
Let g = -32011 - -32046. What is the remainder when 10463 is divided by g?
33
Let h = -10 + -5. Let i = h + 19. Suppose -i*y = -5*x - 217, -x + 4*x + 15 = 0. Calculate the remainder when y is divided by 10.
8
Suppose 5097 = 18*h + 1173. Suppose -3*v - 2 = -h. Calculate the remainder when v is divided by 15.
12
Suppose 9805 = -36*u + 33097. Let r(t) = -t**3 + 2*t + 10. What is the remainder when u is divided by r(0)?
7
Suppose -10*a + 72 = -9*a. What is the remainder when a is divided by 1*(-4)/4*-5?
2
Suppose -2*f - 52 = 18. Let p = f + 42. What is the remainder when 29 is divided by (-13 + p)*1/(2 - 4)?
2
Let q(a) = a. Let i(y) = -4*y + 4. Let f(n) = i(n) + 5*q(n). Let x be f(4). Calculate the remainder when 16 is divided by -1*2*5*(-4)/x.
1
Let y = -580 + 617. What is the remainder when 66 is divided by y?
29
Let n = 41 + -8. Calculate the remainder when (-4)/6 - 41480/(-255) is divided by n.
30
Let v(t) = -2*t**3 - 6*t**2 + t + 7. Let o be v(-4). Suppose 16*m = 11*m + o. Suppose m*l - 37 = 5. Calculate the remainder when 16 is divided by l.
4
Let b(d) = 2*d**3 + 29*d**2 + 26*d + 51. Calculate the remainder when 1395 is divided by b(-10).
13
Suppose 42146 + 60670 = -79*t + 268*t. What is the remainder when t is divided by 42?
40
Let l(o) = -27*o + 39. Let z = 80 - -35. What is the remainder when z is divided by l(0)?
37
Suppose 11*z = -7*z + 24336. Suppose w = -5*c + z, 0 = -3*c - w + 490 + 322. Calculate the remainder when c is divided by 13.
10
Let x = 7872 + -7858. Calculate the remainder when 8353 is divided by x.
9
What is the remainder when ((-369284)/(-14) - 0) + (-4048)/(-7084) is divided by 10?
8
Let n = 2345 + -912. What is the remainder when n is divided by 18?
11
Let u(r) = -9*r**3 - 5*r**2 - 3*r + 4. Suppose 0 = 4*n + 1 - 13. Suppose y - 13 - n = 0. Calculate the remainder when u(-2) is divided by y.
14
Suppose 42 = 6*u - 4*u. Let r(l) = 113*l**2 + 14*l - 50. Let s be r(3). Suppose -19*a + s + 150 = 0. What is the remainder when a is divided by u?
19
Let f be ((-2260)/3)/2 + 55/33. Let j = -65 - f. Calculate the remainder when j is divided by 24.
22
Let j(v) = -v**3 + 35*v**2 - 55*v + 325. What is the remainder when j(32) is divided by 117?
116
Suppose -11*t + 360 = -2*t. Suppose -5*j + 3*j + 2*n + 564 = 0, -272 = -j - n. Calculate the remainder when j is divided by t.
37
Calculate the remainder when 1960/14*34 - 9 is divided by 22.
21
Let t = -975 + 1042. What is the remainder when 263 is divided by t?
62
Suppose 15*x = 14*x, 0*c - 320 = -c + 3*x. Calculate the remainder when 852 is divided by c.
212
Suppose -3*s = -2*s - 10. Let u(i) = 356*i + 37032. What is the remainder when s is divided by u(-104)?
2
Let a(f) = -2*f**3 - 61*f**2 - 40*f - 47. What is the remainder when a(-30) is divided by 27?
10
What is the remainder when 7274 is divided by 42/(-35)*(7384/(-39) + 11)?
212
Let m be -4*1 - (-60)/15. Suppose m = x + 495 - 533. Calculate the remainder when 263 is divided by x.
35
Let x(s) = -7*s - 63. Let u be x(-9). Let r(a) = a**3 - a**2 - 3*a + 90. Calculate the remainder when r(u) is divided by 13.
12
Let t(v) = -139*v - 1482. Calculate the remainder when t(-12) is divided by 39.
30
Suppose -6*n + 3686 = 1418. Suppose 18*v - 9*v = n. What is the remainder when v is divided by (-1 + (-3)/(-2))*44?
20
Let j = -91 + 187. Let x = -43 + j. Let r(l) = -l**3 + 9*l**2 + 10*l + 9. What is the remainder when x is divided by r(10)?
8
Let f be -2 + (-7)/((-42)/156). Suppose -4*z + 4*b + 92 = 0, 2*z = -0*z - 3*b + 41. What is the remainder when z is divided by (-6)/(-4) + -69*(-4)/f?
9
Let j(p) = p**2 + 10*p - 259. Let d be j(-20). Let s = -37 - d. Calculate the remainder when 55 is divided by s.
11
Let j be -2*2/(-8)*0. Suppose k - 56 = -j*k. Let o = k + -43. Calculate the remainder when 21 is divided by o.
8
Let k = -64 + 66. Suppose 14 = 4*j - k*j. Suppose 3*n = -j + 64. What is the remainder when 35 is divided by n?
16
Let j = 767 + -742. What is the remainder when 2*j/2*(-152)/(-190) is divided by 5?
0
Suppose 9*r = -36*r + 8*r + 1443. Calculate the remainder when -1 + -3 + 1527/3 is divided by r.
37
Suppose 5*z - 2*z = 90. Let r be 2/5 + 18/z. What is the remainder when 39 is divided by r/((-1)/4)*-2?
7
Let d = -766 - -809. Let m = -52 - -177. Calculate the remainder when m is divided by d.
39
Let f(y) = -240*y - 1624. What is the remainder when 129 is divided by f(-7)?
17
Let d(s) be the first derivative of 4*s**3/3 - 29*s**2/2 - 6*s - 76. Calculate the remainder when d(-6) is divided by 79.
75
Let b be 1 - -3 - (2 + -1). What is the remainder when 55 is divided by ((-5)/b)/(12/18 - 1)?
0
Suppose -2*y + 0 = -8. Let f(c) = 11*c - 182. Let m be f(-13). Let l = 338 + m. What is the remainder when l is divided by y?
1
Suppose -3*q + z = -7*q + 788, 4*q - 2*z - 776 = 0. Calculate the remainder when q is divided by 66.
64
Let d(q) = 13*q**2 - 109*q - 69. What is the remainder when 1597 is divided by d(9)?
1
Let o(r) = -4*r**3 + r**2 + 1. Calculate the remainder when 20 + (9619 - 19)/25 is divided by o(-2).
34
Suppose 46*z - 42*z = 3*y + 4064, -32 = -4*y. What is the remainder when z is divided by 95?
72
Suppose y = -3*t + 116, -9*t + 9*y = 4*y - 308. What is the remainder when 440 is divided by t?
33
Let c(u) = -3*u**2 - 47*u + 147. Calculate the remainder when 732 is divided by c(-18).
18
Let z = 3 + -16. Let p be (3 + z)/(1/(-8)). Suppose 0 = 3*g - g, -5*b = g - p. Calculate the remainder when b is divided by 6.
4
Let y(q) be the second derivative of -q**5/20 + q**4 - 5*q**3/2 + q**2 - 11*q + 3. What is the remainder when y(4) is divided by 21?
7
Suppose 52*m - 7*m - 5410 - 1520 = 0. Calculate the remainder when 472 is divided by m.
10
Let q(f) = f**3 - 27*f**2 + 211*f - 64. What is the remainder when q(13) is divided by 32?
25
Suppose 5*y - 30 = 10. Let m = 435 + -434. What is the remainder when (4/(-2) + m)/((-8)/112) is divided by y?
6
Suppose -61*i + 1789 - 697 = 17*i. Calculate the remainder when 182 is divided by i.
0
Let z(l) = 35*l - 50. Let k be z(4). Suppose -5*r - 46*y = -47*y - k, 0 = 2*y. What is the remainder when 65 is divided by r?
11
Let n = 5 - -8. Let h(k) = -21*k**2 + 400*k + 58. What is the remainder when h(19) is divided by n?
12
Suppose -7 = 73*m - 66*m. Let l(z) = 73*z**2 - 5*z - 6. What is the remainder when l(m) is divided by 41?
31
Let q(z) = -z**3 - 41*z**2 + 130*z - 60. Let p be q(-44). Suppose -1707 = -p*o + 673. What is the remainder when o is divided by 19?
9
Let j = -67 + 121. Suppose 0 = -3*d - r + 56, 2*r = 37*d - 34*d - 41. What is the remainder when j is divided by d?
3
Suppose -n + 2*v + 22 = 0, 67*n + 2*v = 63*n + 48. Calculate the remainder when 3680 is divided by n.
12
Suppose -5*z + 1019 = 11*q - 12*q, -4*z + 817 = q. What is the remainder when 1188 is divided by z?
168
Let m(c) = 10*c**2 - 4. Let s be (-8 - -16)/((-6)/(-3)). Let p be s/5*(-30)/12. Calculate the remainder when m(p) is divided by 20.
16
Let m = 2783 - 2769. Let h(q) = 6*q - 4*q - 7 + 0*q. Calculate the remainder when 81 is divided by h(m).
18
Suppose 11*h = 7*h + 3*y + 23, -h - 2*y = 8. What is the remainder when 72 is divided by (-1)/h + 1302/84?
12
Suppose 8112 - 8496 = -8*o. Suppose -5*d + 3*d = -94. Suppose 3*c - d = 2*v, 4*v + v = 4*c - 72. Calculate the remainder when o is divided by c.
9
What is the remainder when (19 + -13)*((-2)/((-20)/125) + 6) is divided by 111?
0
Suppose 5*b - 122*n - 445 = -126*n, 0 = b - 4*n - 65. What is the remainder when 137 is divided by b?
52
Suppose 0 = 23*z - 21*z + 4. What is the remainder when 33 is divided